{"id":103,"date":"2020-09-29T10:28:30","date_gmt":"2020-09-29T10:28:30","guid":{"rendered":"https:\/\/www.affectio.es\/?page_id=103"},"modified":"2020-10-14T09:58:35","modified_gmt":"2020-10-14T09:58:35","slug":"sector-publico","status":"publish","type":"page","link":"https:\/\/www.affectio.es\/es\/integral\/sector-publico\/","title":{"rendered":"Sector p\u00fablico"},"content":{"rendered":"<div class=\"wpb-content-wrapper\"><p>[vc_row css=\u00bb.vc_custom_1601394519184{margin-bottom: -80px !important;}\u00bb][vc_column][vc_column_text css=\u00bb.vc_custom_1585752052981{margin-bottom: 15px !important;}\u00bb]<\/p>\n<h1><span style=\"color: #2a2a69;\">Sector p\u00fablico<\/span><\/h1>\n<p>[\/vc_column_text][vc_single_image image=\u00bb264&#8243; img_size=\u00bbfull\u00bb][vc_column_text css=\u00bb.vc_custom_1585327593053{margin-top: 0px !important;margin-bottom: 0px !important;padding-top: 0px !important;padding-bottom: 0px !important;}\u00bb el_id=\u00bbdiveconomica-acompanamientocontableconomico\u00bb][\/vc_column_text]<div id=\"ultimate-heading-72169f50c2e693ad\" class=\"uvc-heading ult-adjust-bottom-margin ultimate-heading-72169f50c2e693ad uvc-4130 color-title\" data-hspacer=\"line_only\"  data-halign=\"left\" style=\"text-align:left\"><div class=\"uvc-main-heading ult-responsive\"  data-ultimate-target='.uvc-heading.ultimate-heading-72169f50c2e693ad h2'  data-responsive-json-new='{\"font-size\":\"desktop:30px;\",\"line-height\":\"desktop:40px;\"}' ><h2 style=\"font-weight:bold;color:#333366;margin-top:25px;margin-bottom:25px;\">Estrategia i Dinamizaci\u00f3n territorial \u2013 Administraci\u00f3n P\u00fablica<\/h2><\/div><div class=\"uvc-heading-spacer line_only\" style=\"topheight:1px;\"><span class=\"uvc-headings-line\" style=\"border-style:solid;border-bottom-width:1px;border-color:#3f4a9a;width:autopx;\"><\/span><\/div><\/div>[vc_column_text css=\u00bb.vc_custom_1601481338476{padding-top: 30px !important;padding-bottom: 30px !important;}\u00bb]<\/p>\n<div style=\"text-align: justify;\">\n<p><strong>\u2022 Servicio de Orientaci\u00f3n a empresas y emprendedores<\/strong><br \/>\nAcompa\u00f1amos y asesoramos al tejido empresarial del municipio (empresas y emprendedores) en su mejora estrat\u00e9gica, operacional y en su profesionalizaci\u00f3n. Acompa\u00f1amiento en la redacci\u00f3n y configuraci\u00f3n de planes de negocio.<br \/>\n<strong>\u2022 Estudios sectoriales y territoriales<\/strong><br \/>\nRealizamos estudios basados en elementos cuantitativos y cualitativos, que permitan conocer realidades sectoriales y territoriales y planificar actuaciones para su posterior mejora.<br \/>\n<strong>\u2022 Realizaci\u00f3n del plan director\/ plan estrat\u00e9gico del territorio<\/strong><br \/>\nAcompa\u00f1amos a los territorios en la definici\u00f3n de su Plan Estrat\u00e9gico \/ plan director, as\u00ed como en su posterior implantaci\u00f3n a trav\u00e9s de un proceso de concertaci\u00f3n territorial considerando los principales grupos de inter\u00e9s del territorio, planteando planes de acci\u00f3n viables y totalmente pr\u00e1cticos.<br \/>\nNuevas tendencias de desarrollo del tejido territorial: <a href=\"https:\/\/www.affectio.es\/es\/integral\/economia-circular\/\">Econom\u00eda Circular<\/a><br \/>\n<strong>\u2022 Dinamizaci\u00f3n de procesos de concertaci\u00f3n- agentes locales<\/strong><br \/>\nAcompa\u00f1amos en procesos de dinamizaci\u00f3n de espacios participados por agentes locales (econ\u00f3micos y sociales) para generar sinergias y estimular el crecimiento econ\u00f3mico territorial, tanto a nivel macro como desde la perspectiva empresarial.<br \/>\n<strong>\u2022 Programa Aracoop y Ateneus Cooperativos<\/strong><br \/>\nAcompa\u00f1amos la implantaci\u00f3n de programas y estructuras territoriales vinculadas a las cooperativas y la econom\u00eda social (Programa Aracoop y Ateneos Cooperativos) con el objetivo de difundir, extender, fortalecer y renovar el sector.<br \/>\n<strong>\u2022 Estudios sectoriales y territoriales del tejido cooperativo<\/strong><br \/>\nRealizamos estudios que permiten conocer la realidad sectorial y territorial, facilitando la planificaci\u00f3n de actuaciones para la mejora del tejido cooperativo.<br \/>\n<strong>\u2022 Realizaci\u00f3n del Plan Director\/ Plan Estrat\u00e9gico del territorio<\/strong><br \/>\nAcompa\u00f1amos a los territorios en la definici\u00f3n de su Plan Director \/ Estrat\u00e9gico, as\u00ed como en su implantaci\u00f3n a trav\u00e9s de un proceso de concertaci\u00f3n territorial que considera a sus principales grupos de inter\u00e9s Generamos planes de acci\u00f3n viables y operativos con el objetivo de fortalecer y dinamizar el sector cooperativo.<br \/>\n<strong>\u2022 Dinamizaci\u00f3n de procesos de concertaci\u00f3n- agentes locales<\/strong><br \/>\nAcompa\u00f1amos procesos de dinamizaci\u00f3n de espacios participados por agentes locales (econ\u00f3micos y sociales) para generar sinergias y estimular el crecimiento econ\u00f3mico territorial, a partir de la perspectiva aportada por la realidad cooperativa presente o potencial.<br \/>\n<strong>\u2022 Acompa\u00f1amiento en la profesionalizaci\u00f3n y crecimiento del tejido cooperativo \u2013 sectores prioritarios<\/strong><br \/>\nDise\u00f1amos procesos de profesionalizaci\u00f3n y mejora del tejido cooperativo de los territorios, a trav\u00e9s de actuaciones espec\u00edficas en organizaciones vinculadas a sectores de inter\u00e9s especial para los respectivos territorios.<br \/>\nNuevas tendencias de desarrollo del tejido cooperativo: <a href=\"https:\/\/www.affectio.es\/es\/integral\/economia-circular\/\">Econom\u00eda Circular<\/a>.<\/p>\n<\/div>\n<p>[\/vc_column_text][vc_separator style=\u00bbdotted\u00bb border_width=\u00bb5&#8243; css=\u00bb.vc_custom_1581016127915{margin-top: 50px !important;margin-bottom: 75px !important;}\u00bb][\/vc_column][\/vc_row]<\/p>\n<\/div>","protected":false},"excerpt":{"rendered":"<p>[vc_row css=\u00bb.vc_custom_1601394519184{margin-bottom: -80px !important;}\u00bb][vc_column][vc_column_text css=\u00bb.vc_custom_1585752052981{margin-bottom: 15px !important;}\u00bb] Sector p\u00fablico [\/vc_column_text][vc_single_image image=\u00bb264&#8243; img_size=\u00bbfull\u00bb][vc_column_text css=\u00bb.vc_custom_1585327593053{margin-top: 0px !important;margin-bottom: 0px !important;padding-top: 0px !important;padding-bottom: 0px !important;}\u00bb el_id=\u00bbdiveconomica-acompanamientocontableconomico\u00bb][\/vc_column_text][vc_column_text css=\u00bb.vc_custom_1601481338476{padding-top: 30px !important;padding-bottom: 30px !important;}\u00bb] \u2022 Servicio de Orientaci\u00f3n a empresas y emprendedores Acompa\u00f1amos y asesoramos al tejido empresarial del municipio (empresas y emprendedores) en su mejora estrat\u00e9gica, operacional y en su profesionalizaci\u00f3n.&hellip;<\/p>\n","protected":false},"author":1,"featured_media":0,"parent":34,"menu_order":0,"comment_status":"closed","ping_status":"closed","template":"","meta":{"footnotes":""},"class_list":["post-103","page","type-page","status-publish","hentry","description-off"],"yoast_head":"<!-- This site is optimized with the Yoast SEO plugin v26.9 - https:\/\/yoast.com\/product\/yoast-seo-wordpress\/ -->\n<title>Sector p\u00fablico - Affectio Group<\/title>\n<meta name=\"description\" content=\"Acompa\u00f1amos y asesoramos al tejido empresarial del municipio (empresas y emprendedores) en su mejora estrat\u00e9gica, operacional y en...\" \/>\n<meta name=\"robots\" content=\"index, follow, max-snippet:-1, max-image-preview:large, max-video-preview:-1\" \/>\n<link rel=\"canonical\" href=\"https:\/\/www.affectio.es\/es\/integral\/sector-publico\/\" \/>\n<meta property=\"og:locale\" content=\"es_ES\" \/>\n<meta property=\"og:type\" content=\"article\" \/>\n<meta property=\"og:title\" content=\"Sector p\u00fablico - Affectio Group\" \/>\n<meta property=\"og:description\" content=\"Acompa\u00f1amos y asesoramos al tejido empresarial del municipio (empresas y emprendedores) en su mejora estrat\u00e9gica, operacional y en...\" \/>\n<meta property=\"og:url\" content=\"https:\/\/www.affectio.es\/es\/integral\/sector-publico\/\" \/>\n<meta property=\"og:site_name\" content=\"Affectio Group\" \/>\n<meta property=\"article:modified_time\" content=\"2020-10-14T09:58:35+00:00\" \/>\n<meta name=\"twitter:card\" content=\"summary_large_image\" \/>\n<meta name=\"twitter:label1\" content=\"Tiempo de lectura\" \/>\n\t<meta name=\"twitter:data1\" content=\"3 minutos\" \/>\n<script type=\"application\/ld+json\" class=\"yoast-schema-graph\">{\"@context\":\"https:\/\/schema.org\",\"@graph\":[{\"@type\":\"WebPage\",\"@id\":\"https:\/\/www.affectio.es\/es\/integral\/sector-publico\/\",\"url\":\"https:\/\/www.affectio.es\/es\/integral\/sector-publico\/\",\"name\":\"Sector p\u00fablico - Affectio Group\",\"isPartOf\":{\"@id\":\"https:\/\/www.affectio.es\/es\/#website\"},\"datePublished\":\"2020-09-29T10:28:30+00:00\",\"dateModified\":\"2020-10-14T09:58:35+00:00\",\"description\":\"Acompa\u00f1amos y asesoramos al tejido empresarial del municipio (empresas y emprendedores) en su mejora estrat\u00e9gica, operacional y en...\",\"breadcrumb\":{\"@id\":\"https:\/\/www.affectio.es\/es\/integral\/sector-publico\/#breadcrumb\"},\"inLanguage\":\"es\",\"potentialAction\":[{\"@type\":\"ReadAction\",\"target\":[\"https:\/\/www.affectio.es\/es\/integral\/sector-publico\/\"]}]},{\"@type\":\"BreadcrumbList\",\"@id\":\"https:\/\/www.affectio.es\/es\/integral\/sector-publico\/#breadcrumb\",\"itemListElement\":[{\"@type\":\"ListItem\",\"position\":1,\"name\":\"Portada\",\"item\":\"https:\/\/www.affectio.es\/es\/\"},{\"@type\":\"ListItem\",\"position\":2,\"name\":\"Integral\",\"item\":\"https:\/\/www.affectio.es\/es\/integral\/\"},{\"@type\":\"ListItem\",\"position\":3,\"name\":\"Sector p\u00fablico\"}]},{\"@type\":\"WebSite\",\"@id\":\"https:\/\/www.affectio.es\/es\/#website\",\"url\":\"https:\/\/www.affectio.es\/es\/\",\"name\":\"Affectio Group\",\"description\":\"Affectio Group es la expresi\u00f3n del v\u00ednculo entre los m\u00e1s de 30 profesionales de Integral\u00ae y de Idea Iuris\u00ae, basado en la mutua confianza y en su deseo de aunar sus contrastadas solvencia y experiencia\",\"potentialAction\":[{\"@type\":\"SearchAction\",\"target\":{\"@type\":\"EntryPoint\",\"urlTemplate\":\"https:\/\/www.affectio.es\/es\/?s={search_term_string}\"},\"query-input\":{\"@type\":\"PropertyValueSpecification\",\"valueRequired\":true,\"valueName\":\"search_term_string\"}}],\"inLanguage\":\"es\"}]}<\/script>\n<!-- \/ Yoast SEO plugin. -->","yoast_head_json":{"title":"Sector p\u00fablico - Affectio Group","description":"Acompa\u00f1amos y asesoramos al tejido empresarial del municipio (empresas y emprendedores) en su mejora estrat\u00e9gica, operacional y en...","robots":{"index":"index","follow":"follow","max-snippet":"max-snippet:-1","max-image-preview":"max-image-preview:large","max-video-preview":"max-video-preview:-1"},"canonical":"https:\/\/www.affectio.es\/es\/integral\/sector-publico\/","og_locale":"es_ES","og_type":"article","og_title":"Sector p\u00fablico - Affectio Group","og_description":"Acompa\u00f1amos y asesoramos al tejido empresarial del municipio (empresas y emprendedores) en su mejora estrat\u00e9gica, operacional y en...","og_url":"https:\/\/www.affectio.es\/es\/integral\/sector-publico\/","og_site_name":"Affectio Group","article_modified_time":"2020-10-14T09:58:35+00:00","twitter_card":"summary_large_image","twitter_misc":{"Tiempo de lectura":"3 minutos"},"schema":{"@context":"https:\/\/schema.org","@graph":[{"@type":"WebPage","@id":"https:\/\/www.affectio.es\/es\/integral\/sector-publico\/","url":"https:\/\/www.affectio.es\/es\/integral\/sector-publico\/","name":"Sector p\u00fablico - Affectio Group","isPartOf":{"@id":"https:\/\/www.affectio.es\/es\/#website"},"datePublished":"2020-09-29T10:28:30+00:00","dateModified":"2020-10-14T09:58:35+00:00","description":"Acompa\u00f1amos y asesoramos al tejido empresarial del municipio (empresas y emprendedores) en su mejora estrat\u00e9gica, operacional y en...","breadcrumb":{"@id":"https:\/\/www.affectio.es\/es\/integral\/sector-publico\/#breadcrumb"},"inLanguage":"es","potentialAction":[{"@type":"ReadAction","target":["https:\/\/www.affectio.es\/es\/integral\/sector-publico\/"]}]},{"@type":"BreadcrumbList","@id":"https:\/\/www.affectio.es\/es\/integral\/sector-publico\/#breadcrumb","itemListElement":[{"@type":"ListItem","position":1,"name":"Portada","item":"https:\/\/www.affectio.es\/es\/"},{"@type":"ListItem","position":2,"name":"Integral","item":"https:\/\/www.affectio.es\/es\/integral\/"},{"@type":"ListItem","position":3,"name":"Sector p\u00fablico"}]},{"@type":"WebSite","@id":"https:\/\/www.affectio.es\/es\/#website","url":"https:\/\/www.affectio.es\/es\/","name":"Affectio Group","description":"Affectio Group es la expresi\u00f3n del v\u00ednculo entre los m\u00e1s de 30 profesionales de Integral\u00ae y de Idea Iuris\u00ae, basado en la mutua confianza y en su deseo de aunar sus contrastadas solvencia y experiencia","potentialAction":[{"@type":"SearchAction","target":{"@type":"EntryPoint","urlTemplate":"https:\/\/www.affectio.es\/es\/?s={search_term_string}"},"query-input":{"@type":"PropertyValueSpecification","valueRequired":true,"valueName":"search_term_string"}}],"inLanguage":"es"}]}},"_links":{"self":[{"href":"https:\/\/www.affectio.es\/es\/wp-json\/wp\/v2\/pages\/103","targetHints":{"allow":["GET"]}}],"collection":[{"href":"https:\/\/www.affectio.es\/es\/wp-json\/wp\/v2\/pages"}],"about":[{"href":"https:\/\/www.affectio.es\/es\/wp-json\/wp\/v2\/types\/page"}],"author":[{"embeddable":true,"href":"https:\/\/www.affectio.es\/es\/wp-json\/wp\/v2\/users\/1"}],"replies":[{"embeddable":true,"href":"https:\/\/www.affectio.es\/es\/wp-json\/wp\/v2\/comments?post=103"}],"version-history":[{"count":6,"href":"https:\/\/www.affectio.es\/es\/wp-json\/wp\/v2\/pages\/103\/revisions"}],"predecessor-version":[{"id":1355,"href":"https:\/\/www.affectio.es\/es\/wp-json\/wp\/v2\/pages\/103\/revisions\/1355"}],"up":[{"embeddable":true,"href":"https:\/\/www.affectio.es\/es\/wp-json\/wp\/v2\/pages\/34"}],"wp:attachment":[{"href":"https:\/\/www.affectio.es\/es\/wp-json\/wp\/v2\/media?parent=103"}],"curies":[{"name":"wp","href":"https:\/\/api.w.org\/{rel}","templated":true}]}}

Sector público

<div class="wpb-content-wrapper"><p>[vc_row css=».vc_custom_1601394519184{margin-bottom: -80px !important;}»][vc_column][vc_column_text css=».vc_custom_1585752052981{margin-bottom: 15px !important;}»]</p>
<h1><span style="color: #2a2a69;">Sector público</span></h1>
<p>[/vc_column_text][vc_single_image image=»264&#8243; img_size=»full»][vc_column_text css=».vc_custom_1585327593053{margin-top: 0px !important;margin-bottom: 0px !important;padding-top: 0px !important;padding-bottom: 0px !important;}» el_id=»diveconomica-acompanamientocontableconomico»][/vc_column_text]<div id="ultimate-heading-72169f50c2e693ad" class="uvc-heading ult-adjust-bottom-margin ultimate-heading-72169f50c2e693ad uvc-4130 color-title" data-hspacer="line_only"  data-halign="left" style="text-align:left"><div class="uvc-main-heading ult-responsive"  data-ultimate-target='.uvc-heading.ultimate-heading-72169f50c2e693ad h2'  data-responsive-json-new='{"font-size":"desktop:30px;","line-height":"desktop:40px;"}' ><h2 style="font-weight:bold;color:#333366;margin-top:25px;margin-bottom:25px;">Estrategia i Dinamización territorial – Administración Pública</h2></div><div class="uvc-heading-spacer line_only" style="topheight:1px;"><span class="uvc-headings-line" style="border-style:solid;border-bottom-width:1px;border-color:#3f4a9a;width:autopx;"></span></div></div>[vc_column_text css=».vc_custom_1601481338476{padding-top: 30px !important;padding-bottom: 30px !important;}»]</p>
<div style="text-align: justify;">
<p><strong>• Servicio de Orientación a empresas y emprendedores</strong><br />
Acompañamos y asesoramos al tejido empresarial del municipio (empresas y emprendedores) en su mejora estratégica, operacional y en su profesionalización. Acompañamiento en la redacción y configuración de planes de negocio.<br />
<strong>• Estudios sectoriales y territoriales</strong><br />
Realizamos estudios basados en elementos cuantitativos y cualitativos, que permitan conocer realidades sectoriales y territoriales y planificar actuaciones para su posterior mejora.<br />
<strong>• Realización del plan director/ plan estratégico del territorio</strong><br />
Acompañamos a los territorios en la definición de su Plan Estratégico / plan director, así como en su posterior implantación a través de un proceso de concertación territorial considerando los principales grupos de interés del territorio, planteando planes de acción viables y totalmente prácticos.<br />
Nuevas tendencias de desarrollo del tejido territorial: <a href="https://www.affectio.es/es/integral/economia-circular/">Economía Circular</a><br />
<strong>• Dinamización de procesos de concertación- agentes locales</strong><br />
Acompañamos en procesos de dinamización de espacios participados por agentes locales (económicos y sociales) para generar sinergias y estimular el crecimiento económico territorial, tanto a nivel macro como desde la perspectiva empresarial.<br />
<strong>• Programa Aracoop y Ateneus Cooperativos</strong><br />
Acompañamos la implantación de programas y estructuras territoriales vinculadas a las cooperativas y la economía social (Programa Aracoop y Ateneos Cooperativos) con el objetivo de difundir, extender, fortalecer y renovar el sector.<br />
<strong>• Estudios sectoriales y territoriales del tejido cooperativo</strong><br />
Realizamos estudios que permiten conocer la realidad sectorial y territorial, facilitando la planificación de actuaciones para la mejora del tejido cooperativo.<br />
<strong>• Realización del Plan Director/ Plan Estratégico del territorio</strong><br />
Acompañamos a los territorios en la definición de su Plan Director / Estratégico, así como en su implantación a través de un proceso de concertación territorial que considera a sus principales grupos de interés Generamos planes de acción viables y operativos con el objetivo de fortalecer y dinamizar el sector cooperativo.<br />
<strong>• Dinamización de procesos de concertación- agentes locales</strong><br />
Acompañamos procesos de dinamización de espacios participados por agentes locales (económicos y sociales) para generar sinergias y estimular el crecimiento económico territorial, a partir de la perspectiva aportada por la realidad cooperativa presente o potencial.<br />
<strong>• Acompañamiento en la profesionalización y crecimiento del tejido cooperativo – sectores prioritarios</strong><br />
Diseñamos procesos de profesionalización y mejora del tejido cooperativo de los territorios, a través de actuaciones específicas en organizaciones vinculadas a sectores de interés especial para los respectivos territorios.<br />
Nuevas tendencias de desarrollo del tejido cooperativo: <a href="https://www.affectio.es/es/integral/economia-circular/">Economía Circular</a>.</p>
</div>
<p>[/vc_column_text][vc_separator style=»dotted» border_width=»5&#8243; css=».vc_custom_1581016127915{margin-top: 50px !important;margin-bottom: 75px !important;}»][/vc_column][/vc_row]</p>
</div>

<p>[vc_row css=».vc_custom_1601394519184{margin-bottom: -80px !important;}»][vc_column][vc_column_text css=».vc_custom_1585752052981{margin-bottom: 15px !important;}»] Sector público [/vc_column_text][vc_single_image image=»264&#8243; img_size=»full»][vc_column_text css=».vc_custom_1585327593053{margin-top: 0px !important;margin-bottom: 0px !important;padding-top: 0px !important;padding-bottom: 0px !important;}» el_id=»diveconomica-acompanamientocontableconomico»][/vc_column_text][vc_column_text css=».vc_custom_1601481338476{padding-top: 30px !important;padding-bottom: 30px !important;}»] • Servicio de Orientación a empresas y emprendedores Acompañamos y asesoramos al tejido empresarial del municipio (empresas y emprendedores) en su mejora estratégica, operacional y en su profesionalización.&hellip;</p>

<!-- This site is optimized with the Yoast SEO plugin v26.9 - https://yoast.com/product/yoast-seo-wordpress/ -->
<title>Sector público - Affectio Group</title>
<meta name="description" content="Acompañamos y asesoramos al tejido empresarial del municipio (empresas y emprendedores) en su mejora estratégica, operacional y en..." />
<meta name="robots" content="index, follow, max-snippet:-1, max-image-preview:large, max-video-preview:-1" />
<link rel="canonical" href="https://www.affectio.es/es/integral/sector-publico/" />
<meta property="og:locale" content="es_ES" />
<meta property="og:type" content="article" />
<meta property="og:title" content="Sector público - Affectio Group" />
<meta property="og:description" content="Acompañamos y asesoramos al tejido empresarial del municipio (empresas y emprendedores) en su mejora estratégica, operacional y en..." />
<meta property="og:url" content="https://www.affectio.es/es/integral/sector-publico/" />
<meta property="og:site_name" content="Affectio Group" />
<meta property="article:modified_time" content="2020-10-14T09:58:35+00:00" />
<meta name="twitter:card" content="summary_large_image" />
<meta name="twitter:label1" content="Tiempo de lectura" />
	<meta name="twitter:data1" content="3 minutos" />
<script type="application/ld+json" class="yoast-schema-graph">{"@context":"https://schema.org","@graph":[{"@type":"WebPage","@id":"https://www.affectio.es/es/integral/sector-publico/","url":"https://www.affectio.es/es/integral/sector-publico/","name":"Sector público - Affectio Group","isPartOf":{"@id":"https://www.affectio.es/es/#website"},"datePublished":"2020-09-29T10:28:30+00:00","dateModified":"2020-10-14T09:58:35+00:00","description":"Acompañamos y asesoramos al tejido empresarial del municipio (empresas y emprendedores) en su mejora estratégica, operacional y en...","breadcrumb":{"@id":"https://www.affectio.es/es/integral/sector-publico/#breadcrumb"},"inLanguage":"es","potentialAction":[{"@type":"ReadAction","target":["https://www.affectio.es/es/integral/sector-publico/"]}]},{"@type":"BreadcrumbList","@id":"https://www.affectio.es/es/integral/sector-publico/#breadcrumb","itemListElement":[{"@type":"ListItem","position":1,"name":"Portada","item":"https://www.affectio.es/es/"},{"@type":"ListItem","position":2,"name":"Integral","item":"https://www.affectio.es/es/integral/"},{"@type":"ListItem","position":3,"name":"Sector público"}]},{"@type":"WebSite","@id":"https://www.affectio.es/es/#website","url":"https://www.affectio.es/es/","name":"Affectio Group","description":"Affectio Group es la expresión del vínculo entre los más de 30 profesionales de Integral® y de Idea Iuris®, basado en la mutua confianza y en su deseo de aunar sus contrastadas solvencia y experiencia","potentialAction":[{"@type":"SearchAction","target":{"@type":"EntryPoint","urlTemplate":"https://www.affectio.es/es/?s={search_term_string}"},"query-input":{"@type":"PropertyValueSpecification","valueRequired":true,"valueName":"search_term_string"}}],"inLanguage":"es"}]}</script>
<!-- / Yoast SEO plugin. -->

Sector público - Affectio Group

Acompañamos y asesoramos al tejido empresarial del municipio (empresas y emprendedores) en su mejora estratégica, operacional y en...

Affectio Group es la expresión del vínculo entre los más de 30 profesionales de Integral® y de Idea Iuris®, basado en la mutua confianza y en su deseo de aunar sus contrastadas solvencia y experiencia
